506806 = 1872*c. Is c a composite number?
False
Suppose 24*h + 56*h - 22468880 = 0. Is h a prime number?
False
Let g be (-2 - -8) + 23 + -27. Suppose -g*c + 371 + 183 = -t, 5*t + 268 = c. Is c prime?
False
Suppose -34*i = -40*i - 11784. Let l be 1/((-10)/i)*195/39. Let b = l + -15. Is b prime?
True
Let i = 52950 - 29807. Is i prime?
True
Suppose -5*x = -3*y + 11, 4*x - 3 = 5*y - 17. Suppose 0*m - 3*m = -3*q + 38442, -3*q = -y*m - 38437. Is q composite?
False
Let r be 2829/9*(-1 - 2). Let t(h) = h**3 - 13*h**2 + 6*h + 24. Let u be t(19). Let b = u + r. Is b composite?
False
Suppose 46 = 5*b - 9. Suppose 0 = -3*h - 2*f + 29609, 8*h - 3*f = b*h - 29607. Is h prime?
True
Let p(f) = -f**2 - 10*f + 60. Let k be p(-14). Is (-1330)/105*(-66)/k a composite number?
True
Let g = -96834 - -527245. Is g prime?
True
Suppose 1587250 + 258250 = 100*x. Is x composite?
True
Suppose 5*l + 5*f - 577280 = 0, -5*l + 437521 = -f - 139777. Is l a composite number?
False
Let s = -72372 + 112301. Is s a composite number?
False
Let g(f) = -f**3 - 7*f**2 + 5*f + 5. Let z be g(-7). Let j = z - -32. Suppose -2822 + 628 = -j*n. Is n composite?
False
Suppose 2*r - 11 + 5 = 0. Let o(w) = -w**3 + 8*w**2 - w + 13. Let q be o(8). Suppose r*i + 4*f = 8*f + 4317, -5*f = -q*i + 7195. Is i prime?
True
Suppose 4*m = 8*f - 5*f + 12, -6 = -3*f - 2*m. Suppose 8*g - 6687 - 20569 = f. Is g composite?
False
Let x(g) = 112*g**2 + 186*g - 831. Is x(26) a composite number?
True
Let q(c) = 7*c + 51. Let b be q(-8). Is (5 - 9 - b)*381 a composite number?
True
Let h = 1249 - 127. Suppose -t + 5*l = -364, 0 = 13*t - 10*t - 5*l - h. Is t composite?
False
Let i(q) = -9*q**3 - 4*q**2 - 5*q - 2. Let s be i(5). Let y = s - -2112. Suppose 0 = 4*b - y - 192. Is b composite?
False
Let h(k) = k**3 - 11*k**2 + 19*k - 5. Suppose 37*w - 35*w = 18. Let d be h(w). Suppose -4*c - 893 = -3*o - 9511, -5*c = d*o - 10757. Is c a prime number?
True
Let d(k) = -16*k**2 - 2*k + 38*k**3 + 40*k**2 - 25*k**2 + 2. Suppose -2*s = -5 + 3. Is d(s) a composite number?
False
Suppose h = -2*t + 112811, 0 = 7*h - 2*h + 5*t - 564025. Is h a prime number?
True
Suppose 0 = 5*n - 6*g + 2*g - 7, -n - 2*g = -7. Suppose -5*t = n*b - 8405, 4*t + 3*b = 5432 + 1292. Is t a composite number?
True
Let v be 3 + (-16)/4 - (1 + -7). Suppose -2*j + 20265 = v*d - 7*j, -5*d + 3*j + 20257 = 0. Is d a prime number?
True
Let g(l) = 6463*l**2 + 141*l - 563. Is g(4) composite?
False
Let c = -76 + 80. Suppose 0*j + c*j = 0. Suppose 0 = -10*x - j*x + 790. Is x prime?
True
Let f be (-27)/(-9)*(-695)/(-15)*1. Let s = 286 + -188. Let v = s + f. Is v prime?
False
Suppose 7*m - 6*m = 5*q - 29, 0 = 4*m - q + 78. Let y(l) = 4*l**2 + 14*l + 41. Is y(m) a prime number?
False
Let h = 4956 + -57. Let n = -158 + h. Is n composite?
True
Let d(y) = 9*y**3 + 6*y**2 + 8*y + 10. Let n be d(-5). Let v = 1534 + n. Is v prime?
False
Let j = 4208 - -992. Suppose -2*h + 2*p + j + 12570 = 0, 0 = 3*h + p - 26663. Is h a composite number?
False
Let z(j) = 2290*j + 92117. Is z(0) a prime number?
False
Suppose -18*h = -3*h + 17*h - 4118944. Is h prime?
True
Suppose 110 = 12*j - 10. Suppose 0 = j*u - 15540 - 14050. Is u a composite number?
True
Suppose 0*n + 4*n = -3*y + 975085, 3*y = 2*n + 975079. Is y a prime number?
True
Suppose 6*w - 13 - 77 = 0. Suppose -53881 = -w*a + 32174. Is a a prime number?
True
Suppose 0 = -3*d + t + 109048, -5*d + 10*d = 5*t + 181750. Is d a prime number?
False
Suppose 0 = 12*f + 15*f - 352188. Let w = 3743 + f. Is w composite?
False
Let m = 73 - -127. Is m - 2 - (-8 + 3) a prime number?
False
Let p(g) = 2908*g**2 - 260*g + 2699. Is p(11) prime?
True
Let j(o) be the second derivative of o**7/72 - o**6/240 + 3*o**5/40 - 5*o**4/6 - 18*o. Let y(c) be the third derivative of j(c). Is y(-4) prime?
False
Let k(n) = -n**3 + 12*n**2 - 30*n + 31. Let p be k(14). Let g = 1403 + p. Is g composite?
True
Let b(a) = 426706*a + 3419. Is b(2) prime?
True
Let p be -2 - (-1363 - 12/4). Suppose -g + p - 51 = 0. Let f = g - 604. Is f prime?
True
Let t be 4*-1 - (-2)/(-2)*-6. Suppose -2*v - 2*v = -t*b - 13380, v = -2*b + 3335. Is v composite?
False
Let n be (-376)/(-28) + 8/14. Suppose 16*w - 190470 = -n*w. Is w prime?
False
Let u = -214 - -213. Is (0/(-8) + -3163)/(1/u) a prime number?
True
Let k(a) = -10*a**3 + a**2 + 2*a + 2. Let u be k(-1). Suppose -16 = -u*i + 7*i. Suppose 0*s + i*s - 578 = -w, -2*w = -2*s + 294. Is s a prime number?
False
Suppose 18*f + 689085 = 2153043. Is f composite?
False
Is (-1884813)/(-63)*(-48)/(-16) a prime number?
True
Let b(l) = 1. Let j(v) = -v - 111. Let s(f) = -5*b(f) - j(f). Is s(0) composite?
True
Suppose -72*o + 85*o = 614887. Suppose 13*b + o = 20*b. Is b a composite number?
True
Let f(x) = -5*x + 144. Let o be f(28). Suppose -2*n + 7165 = -w - 1663, 0 = -n + o*w + 4421. Is n a composite number?
True
Let k = -114500 - -167893. Is k composite?
True
Suppose 12*u + 1802045 = 6941141. Is u a prime number?
False
Let h = -13843 - -71330. Is h a prime number?
True
Suppose -2*z + 4*x = -68036, -2*z + 3*x + 68004 = 7*x. Let q = -17911 + z. Is q composite?
True
Let u(f) = -8*f**2 - 2. Let z be u(1). Is (-64838)/(-85) + (-2)/z a prime number?
False
Let m be (-63704)/(-10) + -4 - 6/15. Is ((-11)/(-22))/((-3)/(m/(-1))) a prime number?
True
Suppose 2*a = 44 - 36. Suppose -2*w = -3*w - f + 6202, -a*w = f - 24793. Is w a prime number?
True
Let a = -84 + 1769. Suppose 33*p + a = 38*p. Is p composite?
False
Let i(s) = 2*s + 23. Let l be i(-10). Suppose 4*y - 7*y + 12 = 0. Suppose 6*u - l*u - 2*h = 881, -3*h = -y*u + 1175. Is u a prime number?
True
Let g be (-3 + 2148/8)/((-3)/(-8)). Let a = 1574 - g. Is a a prime number?
False
Suppose 12*k - 299685 = 3322839. Is k prime?
True
Suppose -65730 = -475*q + 480*q. Let i = q - -19393. Is i a composite number?
False
Let u be ((3/6)/1)/(3/24). Suppose 632 = u*f - s, -5*f - 6*s + 803 = -4*s. Is f a prime number?
False
Let h = -3902 + 6669. Is h a composite number?
False
Let y(j) = 370*j**2 - 79*j - 228. Is y(-25) prime?
False
Let j be 2 - 4*(-3 - -1). Suppose 0 = -d - 4, -5*z - 687 + 5351 = -d. Suppose j*g - z = 14498. Is g a composite number?
False
Suppose 28587976 = -525*k + 491581801. Is k prime?
False
Let l(j) = 1173*j**2 - 323*j - 27. Is l(8) a composite number?
False
Suppose 2*h = n + 3680 - 984, 2*h - 13448 = 5*n. Let p = -3519 + n. Let k = p - -8816. Is k prime?
True
Let h be (-80)/(-12) - 6 - (-11)/(-3). Is (-4)/8 - h*842/4 prime?
True
Suppose 32*k - 31*k - 27 = 0. Suppose k + 9 = 4*o. Suppose 0 = 4*j + o - 2541. Is j a composite number?
True
Let f be (-2)/6*(429/(-13) - 0). Suppose -589668 = f*t - 23*t. Is t a composite number?
False
Let r be (14 + (0 - -4))*2. Is 647 + (10/(-4) - (-162)/r) prime?
False
Let o(l) = -162*l - 41. Let a be o(-5). Suppose -r = -3310 - a. Is r a composite number?
False
Suppose -10*v = -8*v + 28. Let p = v + 28. Suppose 19*i - p*i = 3845. Is i a prime number?
True
Let l = 287 - 283. Suppose -l*u + 6291 = -0*u - 5*j, -2*u - 4*j + 3152 = 0. Is u a composite number?
True
Suppose 3*i - 29091 = -w, 10*w - 5*i = 9*w + 29091. Is w a prime number?
False
Is (349 + 24469)/(-1 - (-2)/1) prime?
False
Is (-1)/(-2)*31379*(-107 + 109) prime?
True
Let f = -61206 - -88493. Is f composite?
True
Let c = 55 - 72. Let h = 3 + c. Let l(w) = -w**3 - 8*w**2 - 5*w + 3. Is l(h) composite?
False
Let q(r) = 3*r**2 - 4*r. Let z(a) = -2*a. Let p(j) = -j. Let n(x) = -7*p(x) + 3*z(x). Let h be n(-3). Is q(h) a prime number?
False
Let f be (((-8)/3)/1)/(8/(-156)). Let w be (13091/f)/((-2)/(-8)). Let a = -504 + w. Is a composite?
False
Let z be ((-8)/(-20) - 8/20)/(-1). Suppose 4*l = -z*l + 2136. Let j = l + 847. Is j a prime number?
True
Suppose -5*l + 18408 = 3*a, -25*l + 20*l + 3*a + 18402 = 0. Let b = l + -1880. Is b composite?
False
Suppose -3*y + 8*y + 4 = -2*w, -2 = y. Let h(p) = -4*p**w - 2 - p**2 - p**2 - 2*p - 3*p - 8*p**3. Is h(-3) a prime number?
False
Let r(y) = -2537*y**3 - 2*y - 1. Let n be r(-1). Suppose -2*m = -2*w - 5*m + n, w - 3*m = 1278. Let b = w + -805. Is b a prime number?
True
Let y(n) = 21*n**3 - 2*n**2 - n. Suppose -11 = -5*m - f, 5*m - f = 3*f + 31. Let j be 4/(-3)*((-12)/(-8) - m). Is y(j) composite?
True
Suppose 0 = -5*p + 43265 + 201570. Is p a composite number?
True
Supp